{"version":"1.0","provider_name":"CPRProvenances","provider_url":"https:\/\/cprprovenances.eu","author_name":"Yveline Huguet","author_url":"https:\/\/cprprovenances.eu\/index.php\/author\/yveline-huguet\/","title":"L'art \"d\u00e9g\u00e9n\u00e9r\u00e9\". Une histoire crois\u00e9e France \/ Allemagne - CPRProvenances","type":"rich","width":600,"height":338,"html":"<blockquote class=\"wp-embedded-content\" data-secret=\"qqoreopDBo\"><a href=\"https:\/\/cprprovenances.eu\/index.php\/event\/lart-degenere-une-histoire-croisee-france-allemagne\/\">L&rsquo;art \u00ab\u00a0d\u00e9g\u00e9n\u00e9r\u00e9\u00a0\u00bb. Une histoire crois\u00e9e France \/ Allemagne<\/a><\/blockquote><iframe sandbox=\"allow-scripts\" security=\"restricted\" src=\"https:\/\/cprprovenances.eu\/index.php\/event\/lart-degenere-une-histoire-croisee-france-allemagne\/embed\/#?secret=qqoreopDBo\" width=\"600\" height=\"338\" title=\"\u00ab\u00a0L&rsquo;art \u00ab\u00a0d\u00e9g\u00e9n\u00e9r\u00e9\u00a0\u00bb. Une histoire crois\u00e9e France \/ Allemagne\u00a0\u00bb &#8212; CPRProvenances\" data-secret=\"qqoreopDBo\" frameborder=\"0\" marginwidth=\"0\" marginheight=\"0\" scrolling=\"no\" class=\"wp-embedded-content\"><\/iframe><script type=\"text\/javascript\">\n\/* <![CDATA[ *\/\n\/*! This file is auto-generated *\/\n!function(d,l){\"use strict\";l.querySelector&&d.addEventListener&&\"undefined\"!=typeof URL&&(d.wp=d.wp||{},d.wp.receiveEmbedMessage||(d.wp.receiveEmbedMessage=function(e){var t=e.data;if((t||t.secret||t.message||t.value)&&!\/[^a-zA-Z0-9]\/.test(t.secret)){for(var s,r,n,a=l.querySelectorAll('iframe[data-secret=\"'+t.secret+'\"]'),o=l.querySelectorAll('blockquote[data-secret=\"'+t.secret+'\"]'),c=new RegExp(\"^https?:$\",\"i\"),i=0;i<o.length;i++)o[i].style.display=\"none\";for(i=0;i<a.length;i++)s=a[i],e.source===s.contentWindow&&(s.removeAttribute(\"style\"),\"height\"===t.message?(1e3<(r=parseInt(t.value,10))?r=1e3:~~r<200&&(r=200),s.height=r):\"link\"===t.message&&(r=new URL(s.getAttribute(\"src\")),n=new URL(t.value),c.test(n.protocol))&&n.host===r.host&&l.activeElement===s&&(d.top.location.href=t.value))}},d.addEventListener(\"message\",d.wp.receiveEmbedMessage,!1),l.addEventListener(\"DOMContentLoaded\",function(){for(var e,t,s=l.querySelectorAll(\"iframe.wp-embedded-content\"),r=0;r<s.length;r++)(t=(e=s[r]).getAttribute(\"data-secret\"))||(t=Math.random().toString(36).substring(2,12),e.src+=\"#?secret=\"+t,e.setAttribute(\"data-secret\",t)),e.contentWindow.postMessage({message:\"ready\",secret:t},\"*\")},!1)))}(window,document);\n\/\/# sourceURL=https:\/\/cprprovenances.eu\/wp-includes\/js\/wp-embed.min.js\n\/* ]]> *\/\n<\/script>\n","description":"L&rsquo;art \u00ab\u00a0d\u00e9g\u00e9n\u00e9r\u00e9\u00a0\u00bb. Une histoire crois\u00e9e France \/ Allemagne Colloque international les 27 et 28 mars 2025 Dans le cadre de l&rsquo;exposition\u00a0\u00ab L\u2019art \u00ab d\u00e9g\u00e9n\u00e9r\u00e9 \u00bb : Le proc\u00e8s de l\u2019art [&hellip;]","thumbnail_url":"https:\/\/ci3.googleusercontent.com\/meips\/ADKq_NbEXy-vzyWUEYzEiKIfYI8IT_vfxrNSP5z9Cu-jhv3IX2Mz2sQiIurLgsiiBBkUnHwfYIkG0bOCme6q2-zogeMpXD3Dx0PjOfO-bgjLXnMwUocXZCNFAwvDivGopTPf8kjnYrze9X6N_kswHPSO1cqak9qQ8mwjxxc=s0-d-e1-ft#https:\/\/mcusercontent.com\/0957538ed112e983ba1da9f90\/images\/ce1a2206-028d-35ff-ecdf-019809c46be9.jpg"}

L'art "dégénéré". Une histoire croisée France / Allemagne - CPRProvenances

<blockquote class="wp-embedded-content" data-secret="qqoreopDBo"><a href="https://cprprovenances.eu/index.php/event/lart-degenere-une-histoire-croisee-france-allemagne/">L&rsquo;art « dégénéré ». Une histoire croisée France / Allemagne</a></blockquote><iframe sandbox="allow-scripts" security="restricted" src="https://cprprovenances.eu/index.php/event/lart-degenere-une-histoire-croisee-france-allemagne/embed/#?secret=qqoreopDBo" width="600" height="338" title="« L&rsquo;art « dégénéré ». Une histoire croisée France / Allemagne » &#8212; CPRProvenances" data-secret="qqoreopDBo" frameborder="0" marginwidth="0" marginheight="0" scrolling="no" class="wp-embedded-content"></iframe><script type="text/javascript">
/* <![CDATA[ */
/*! This file is auto-generated */
!function(d,l){"use strict";l.querySelector&&d.addEventListener&&"undefined"!=typeof URL&&(d.wp=d.wp||{},d.wp.receiveEmbedMessage||(d.wp.receiveEmbedMessage=function(e){var t=e.data;if((t||t.secret||t.message||t.value)&&!/[^a-zA-Z0-9]/.test(t.secret)){for(var s,r,n,a=l.querySelectorAll('iframe[data-secret="'+t.secret+'"]'),o=l.querySelectorAll('blockquote[data-secret="'+t.secret+'"]'),c=new RegExp("^https?:$","i"),i=0;i<o.length;i++)o[i].style.display="none";for(i=0;i<a.length;i++)s=a[i],e.source===s.contentWindow&&(s.removeAttribute("style"),"height"===t.message?(1e3<(r=parseInt(t.value,10))?r=1e3:~~r<200&&(r=200),s.height=r):"link"===t.message&&(r=new URL(s.getAttribute("src")),n=new URL(t.value),c.test(n.protocol))&&n.host===r.host&&l.activeElement===s&&(d.top.location.href=t.value))}},d.addEventListener("message",d.wp.receiveEmbedMessage,!1),l.addEventListener("DOMContentLoaded",function(){for(var e,t,s=l.querySelectorAll("iframe.wp-embedded-content"),r=0;r<s.length;r++)(t=(e=s[r]).getAttribute("data-secret"))||(t=Math.random().toString(36).substring(2,12),e.src+="#?secret="+t,e.setAttribute("data-secret",t)),e.contentWindow.postMessage({message:"ready",secret:t},"*")},!1)))}(window,document);
//# sourceURL=https://cprprovenances.eu/wp-includes/js/wp-embed.min.js
/* ]]> */
</script>

L&rsquo;art « dégénéré ». Une histoire croisée France / Allemagne Colloque international les 27 et 28 mars 2025 Dans le cadre de l&rsquo;exposition « L’art « dégénéré » : Le procès de l’art [&hellip;]
